{"id":10678,"date":"2022-02-28T22:00:46","date_gmt":"2022-02-28T21:00:46","guid":{"rendered":"https:\/\/www.polideas.it\/?post_type=product&#038;p=10678"},"modified":"2025-02-04T10:01:36","modified_gmt":"2025-02-04T09:01:36","slug":"kuchengriff-stick-c-kuchenschrankgriff","status":"publish","type":"product","link":"http:\/\/www.polideas.it\/de\/it\/maniglie-pomelli-cucina\/maniglia-cucina-stick-c-maniglia-mobile-cucina\/","title":{"rendered":"K\u00fcchengriff Stick C - K\u00fcchenm\u00f6belgriff"},"content":{"rendered":"<p>Das Design wurde bis ins kleinste Detail durchdacht, um die bestm\u00f6gliche Leistung bei minimalem Platzbedarf f\u00fcr den <strong>Stick C K\u00fcchengriff von Polideas.<\/strong><\/p>\n<p>Mit einer unerwarteten, gewundenen und geschwungenen Linie, <strong>Stick C<\/strong> ist der ideale Griff, um alte M\u00f6bel in einer K\u00fcche im traditionellen Stil sofort zu renovieren, aber auch, um modernen K\u00fcchen den letzten Schliff zu geben.<\/p>\n<p>Erh\u00e4ltlich in der eleganten <strong>Version Chrom poliert<\/strong>Der Stick C-Griff eignet sich f\u00fcr verschiedene Einrichtungsinterpretationen und ist dabei immer bequem und raffiniert, perfekt f\u00fcr jede Situation.<\/p>\n<p>Gro\u00df und robust, mit einer Breite von 230 mm und einer H\u00f6he von 25 mm, erm\u00f6glicht es <strong>ein fester und sicherer Griff<\/strong>.<\/p>","protected":false},"excerpt":{"rendered":"<p>&nbsp;<\/p>\n<p><strong>\u00a0<\/strong><\/p>","protected":false},"featured_media":7449,"comment_status":"closed","ping_status":"closed","template":"","meta":{"_acf_changed":false},"product_brand":[],"product_cat":[37,377],"product_tag":[3149,3200,3150,3151,3209,3152,3153,3154,3155,3156,3158,3365,3100,3159,3160,3189,3161],"class_list":["post-10678","product","type-product","status-publish","has-post-thumbnail","product_cat-maniglie-pomelli-cucina","product_cat-maniglie-pomelli-metallo","product_tag-maniglia","product_tag-maniglia-anta","product_tag-maniglia-anta-cucina","product_tag-maniglia-anta-mobile","product_tag-maniglia-arredo","product_tag-maniglia-cassettiera","product_tag-maniglia-cassetto","product_tag-maniglia-cassetto-cucina","product_tag-maniglia-cucina","product_tag-maniglia-design","product_tag-maniglia-interasse-160mm","product_tag-maniglia-metallo","product_tag-maniglia-mobile","product_tag-maniglia-mobile-al-miglior-prezzo","product_tag-maniglia-mobile-arredamento","product_tag-maniglia-mobile-cucina","product_tag-maniglia-per-mobile-cucina","first","instock","taxable","shipping-taxable","purchasable","product-type-simple"],"acf":[],"_links":{"self":[{"href":"http:\/\/www.polideas.it\/de\/wp-json\/wp\/v2\/product\/10678","targetHints":{"allow":["GET"]}}],"collection":[{"href":"http:\/\/www.polideas.it\/de\/wp-json\/wp\/v2\/product"}],"about":[{"href":"http:\/\/www.polideas.it\/de\/wp-json\/wp\/v2\/types\/product"}],"replies":[{"embeddable":true,"href":"http:\/\/www.polideas.it\/de\/wp-json\/wp\/v2\/comments?post=10678"}],"wp:featuredmedia":[{"embeddable":true,"href":"http:\/\/www.polideas.it\/de\/wp-json\/wp\/v2\/media\/7449"}],"wp:attachment":[{"href":"http:\/\/www.polideas.it\/de\/wp-json\/wp\/v2\/media?parent=10678"}],"wp:term":[{"taxonomy":"product_brand","embeddable":true,"href":"http:\/\/www.polideas.it\/de\/wp-json\/wp\/v2\/product_brand?post=10678"},{"taxonomy":"product_cat","embeddable":true,"href":"http:\/\/www.polideas.it\/de\/wp-json\/wp\/v2\/product_cat?post=10678"},{"taxonomy":"product_tag","embeddable":true,"href":"http:\/\/www.polideas.it\/de\/wp-json\/wp\/v2\/product_tag?post=10678"}],"curies":[{"name":"wp","href":"https:\/\/api.w.org\/{rel}","templated":true}]}}

Küchengriff Stick C - Küchenmöbelgriff

<p>Das Design wurde bis ins kleinste Detail durchdacht, um die bestmögliche Leistung bei minimalem Platzbedarf für den <strong>Stick C Küchengriff von Polideas.</strong></p>
<p>Mit einer unerwarteten, gewundenen und geschwungenen Linie, <strong>Stick C</strong> ist der ideale Griff, um alte Möbel in einer Küche im traditionellen Stil sofort zu renovieren, aber auch, um modernen Küchen den letzten Schliff zu geben.</p>
<p>Erhältlich in der eleganten <strong>Version Chrom poliert</strong>Der Stick C-Griff eignet sich für verschiedene Einrichtungsinterpretationen und ist dabei immer bequem und raffiniert, perfekt für jede Situation.</p>
<p>Groß und robust, mit einer Breite von 230 mm und einer Höhe von 25 mm, ermöglicht es <strong>ein fester und sicherer Griff</strong>.</p>
