{"id":10439,"date":"2022-02-28T21:57:03","date_gmt":"2022-02-28T20:57:03","guid":{"rendered":"https:\/\/www.polideas.it\/?post_type=product&#038;p=10439"},"modified":"2026-01-07T18:49:28","modified_gmt":"2026-01-07T17:49:28","slug":"pomo-pequeno-movil-efecto-aluminio","status":"publish","type":"product","link":"http:\/\/www.polideas.it\/es\/en-2\/pomos-de-salon-tiradores\/pomo-pequeno-movil-efecto-aluminio\/","title":{"rendered":"Pomo Peque\u00f1o - Pomo M\u00f3vil - Efecto Aluminio"},"content":{"rendered":"<p>El <strong>Peque\u00f1a perilla de Polideas<\/strong> es peque\u00f1a, como su nombre indica, pero c\u00f3moda de sujetar, robusta y fiable.<\/p>\n<p>Dise\u00f1ado para personalizar peque\u00f1os muebles en el dormitorio o el sal\u00f3n, ocupa muy poco espacio pero confiere de inmediato un aspecto esencial y refinado a cualquier habitaci\u00f3n.<\/p>\n<p>Disponible en <strong>Acabados efecto aluminio, lacado blanco y lacado negro<\/strong>Tiene un di\u00e1metro de s\u00f3lo 32 mm y es ideal para complementar con gusto muebles m\u00e1s modernos en colores b\u00e1sicos o de inspiraci\u00f3n n\u00f3rdica.<\/p>\n<p>El <strong>Pomo peque\u00f1o <\/strong>es el resultado de una investigaci\u00f3n continua combinada con la atenci\u00f3n t\u00edpica de las producciones Made in Italy y est\u00e1 fabricado con materiales de primera calidad para garantizar la m\u00e1xima seguridad en todo momento.<\/p>","protected":false},"excerpt":{"rendered":"<p>Il pomello Little di Polideas \u00e8 piccolo piccolo, come suggerisce il nome, ma comodo da impugnare, robusto e affidabile. Pensato per personalizzare i piccoli mobili della camera da letto o della zona living, occupa pochissimo spazio ma regala subito un aspetto essenziale e ricercato ad ogni ambiente. Disponibile nelle finiture effetto alluminio, laccato bianco e [&#8230;]\n","protected":false},"featured_media":4369,"comment_status":"closed","ping_status":"closed","template":"","meta":{"_acf_changed":false},"product_brand":[],"product_cat":[47],"product_tag":[3101,3102,3103,3104,3105,3106,3107,3108,3109,3110,3111,3112,3113,3114,3115,3116,3117,3118],"class_list":{"0":"post-10439","1":"product","2":"type-product","3":"status-publish","4":"has-post-thumbnail","6":"product_cat-maniglie-pomelli-camera-soggiorno","7":"product_tag-pomello","8":"product_tag-pomello-anta-mobile-soggiorno","9":"product_tag-pomello-anta-soggiorno","10":"product_tag-pomello-cassetto-soggiorno","11":"product_tag-pomello-design","12":"product_tag-pomello-little","13":"product_tag-pomello-mobile","14":"product_tag-pomello-mobile-soggiorno","15":"product_tag-pomello-per-mobile-soggiorno","16":"product_tag-pomello-piccolo","17":"product_tag-pomello-soggiorno","18":"product_tag-pomolo","19":"product_tag-pomolo-al-miglior-prezzo","20":"product_tag-pomolo-anta-mobile","21":"product_tag-pomolo-cassettiera","22":"product_tag-pomolo-cassetto","23":"product_tag-pomolo-mobile","24":"product_tag-pomolo-mobile-arredamento","26":"first","27":"instock","28":"taxable","29":"shipping-taxable","30":"purchasable","31":"product-type-simple"},"acf":[],"_links":{"self":[{"href":"http:\/\/www.polideas.it\/es\/wp-json\/wp\/v2\/product\/10439","targetHints":{"allow":["GET"]}}],"collection":[{"href":"http:\/\/www.polideas.it\/es\/wp-json\/wp\/v2\/product"}],"about":[{"href":"http:\/\/www.polideas.it\/es\/wp-json\/wp\/v2\/types\/product"}],"replies":[{"embeddable":true,"href":"http:\/\/www.polideas.it\/es\/wp-json\/wp\/v2\/comments?post=10439"}],"wp:featuredmedia":[{"embeddable":true,"href":"http:\/\/www.polideas.it\/es\/wp-json\/wp\/v2\/media\/4369"}],"wp:attachment":[{"href":"http:\/\/www.polideas.it\/es\/wp-json\/wp\/v2\/media?parent=10439"}],"wp:term":[{"taxonomy":"product_brand","embeddable":true,"href":"http:\/\/www.polideas.it\/es\/wp-json\/wp\/v2\/product_brand?post=10439"},{"taxonomy":"product_cat","embeddable":true,"href":"http:\/\/www.polideas.it\/es\/wp-json\/wp\/v2\/product_cat?post=10439"},{"taxonomy":"product_tag","embeddable":true,"href":"http:\/\/www.polideas.it\/es\/wp-json\/wp\/v2\/product_tag?post=10439"}],"curies":[{"name":"wp","href":"https:\/\/api.w.org\/{rel}","templated":true}]}}

Pomo Pequeño - Pomo Móvil - Efecto Aluminio

<p>El <strong>Pequeña perilla de Polideas</strong> es pequeña, como su nombre indica, pero cómoda de sujetar, robusta y fiable.</p>
<p>Diseñado para personalizar pequeños muebles en el dormitorio o el salón, ocupa muy poco espacio pero confiere de inmediato un aspecto esencial y refinado a cualquier habitación.</p>
<p>Disponible en <strong>Acabados efecto aluminio, lacado blanco y lacado negro</strong>Tiene un diámetro de sólo 32 mm y es ideal para complementar con gusto muebles más modernos en colores básicos o de inspiración nórdica.</p>
<p>El <strong>Pomo pequeño </strong>es el resultado de una investigación continua combinada con la atención típica de las producciones Made in Italy y está fabricado con materiales de primera calidad para garantizar la máxima seguridad en todo momento.</p>

<p>Il pomello Little di Polideas è piccolo piccolo, come suggerisce il nome, ma comodo da impugnare, robusto e affidabile. Pensato per personalizzare i piccoli mobili della camera da letto o della zona living, occupa pochissimo spazio ma regala subito un aspetto essenziale e ricercato ad ogni ambiente. Disponibile nelle finiture effetto alluminio, laccato bianco e [&#8230;]
