{"id":10505,"date":"2022-02-28T21:57:54","date_gmt":"2022-02-28T20:57:54","guid":{"rendered":"https:\/\/www.polideas.it\/?post_type=product&#038;p=10505"},"modified":"2025-01-30T10:11:54","modified_gmt":"2025-01-30T09:11:54","slug":"nicho-tirador-mueble-diseno-lacado-blanco","status":"publish","type":"product","link":"http:\/\/www.polideas.it\/es\/en-2\/pomos-de-salon-tiradores\/nicho-tirador-mueble-diseno-lacado-blanco\/","title":{"rendered":"Asa Nicchia - Asa de dise\u00f1o m\u00f3vil - Lacada en blanco"},"content":{"rendered":"<p>Esencial y de dise\u00f1o: es el <strong>asa<\/strong> <strong>Nicho<\/strong> <strong>de Polideas<\/strong>.<\/p>\n<p>Con su l\u00ednea distintiva que casi se asemeja a una concha brillante, Nicchia est\u00e1 dedicada a quienes desean personalizar los muebles de su dormitorio, recibidor y sala de estar centr\u00e1ndose en un <strong>complemento refinado y elegante,<\/strong> sin dejar de ser m\u00ednima.<\/p>\n<p>Disponible en el <strong>acabado cromado pulido y lacado en blanco<\/strong>Tiene una anchura de 105 mm y una altura de 34 mm, lo que la hace perfecta para diferentes combinaciones de muebles, garantizando siempre un agarre s\u00f3lido y seguro.<\/p>\n<p>La <strong>manejar Nicho <\/strong>es el resultado de una investigaci\u00f3n continua combinada con la atenci\u00f3n t\u00edpica de las producciones Made in Italy y est\u00e1 fabricado con materiales de primera calidad para garantizar la m\u00e1xima seguridad en todo momento.<\/p>","protected":false},"excerpt":{"rendered":"<p>Essenziale e dal design d\u2019autore: \u00e8 la maniglia Nicchia di Polideas. Con la sua linea particolare che ricorda quasi un guscio lucido, Nicchia \u00e8 dedicata a chi desidera personalizzare i mobili della camera da letto, dell\u2019ingresso e della zona living puntando su un complemento ricercato ed elegante, pur rimanendo molto minimal. Disponibile nella finitura ad [&#8230;]\n","protected":false},"featured_media":13744,"comment_status":"closed","ping_status":"closed","template":"","meta":{"_acf_changed":false},"product_brand":[],"product_cat":[47],"product_tag":[3149,3200,3151,3173,3174,3209,3205,3152,3153,3175,3212,3156,3198,3100,3159,3160,3211,3177,3178,3179],"class_list":{"0":"post-10505","1":"product","2":"type-product","3":"status-publish","4":"has-post-thumbnail","6":"product_cat-maniglie-pomelli-camera-soggiorno","7":"product_tag-maniglia","8":"product_tag-maniglia-anta","9":"product_tag-maniglia-anta-mobile","10":"product_tag-maniglia-anta-mobile-soggiorno","11":"product_tag-maniglia-anta-soggiorno","12":"product_tag-maniglia-arredo","13":"product_tag-maniglia-camera","14":"product_tag-maniglia-cassettiera","15":"product_tag-maniglia-cassetto","16":"product_tag-maniglia-cassetto-soggiorno","17":"product_tag-maniglia-cromata","18":"product_tag-maniglia-design","19":"product_tag-maniglia-interasse-64mm","20":"product_tag-maniglia-mobile","21":"product_tag-maniglia-mobile-al-miglior-prezzo","22":"product_tag-maniglia-mobile-arredamento","23":"product_tag-maniglia-mobile-camera","24":"product_tag-maniglia-mobile-soggiorno","25":"product_tag-maniglia-per-mobile-soggiorno","26":"product_tag-maniglia-soggiorno","28":"first","29":"instock","30":"taxable","31":"shipping-taxable","32":"purchasable","33":"product-type-simple"},"acf":[],"_links":{"self":[{"href":"http:\/\/www.polideas.it\/es\/wp-json\/wp\/v2\/product\/10505","targetHints":{"allow":["GET"]}}],"collection":[{"href":"http:\/\/www.polideas.it\/es\/wp-json\/wp\/v2\/product"}],"about":[{"href":"http:\/\/www.polideas.it\/es\/wp-json\/wp\/v2\/types\/product"}],"replies":[{"embeddable":true,"href":"http:\/\/www.polideas.it\/es\/wp-json\/wp\/v2\/comments?post=10505"}],"wp:featuredmedia":[{"embeddable":true,"href":"http:\/\/www.polideas.it\/es\/wp-json\/wp\/v2\/media\/13744"}],"wp:attachment":[{"href":"http:\/\/www.polideas.it\/es\/wp-json\/wp\/v2\/media?parent=10505"}],"wp:term":[{"taxonomy":"product_brand","embeddable":true,"href":"http:\/\/www.polideas.it\/es\/wp-json\/wp\/v2\/product_brand?post=10505"},{"taxonomy":"product_cat","embeddable":true,"href":"http:\/\/www.polideas.it\/es\/wp-json\/wp\/v2\/product_cat?post=10505"},{"taxonomy":"product_tag","embeddable":true,"href":"http:\/\/www.polideas.it\/es\/wp-json\/wp\/v2\/product_tag?post=10505"}],"curies":[{"name":"wp","href":"https:\/\/api.w.org\/{rel}","templated":true}]}}

Asa Nicchia - Asa de diseño móvil - Lacada en blanco

<p>Esencial y de diseño: es el <strong>asa</strong> <strong>Nicho</strong> <strong>de Polideas</strong>.</p>
<p>Con su línea distintiva que casi se asemeja a una concha brillante, Nicchia está dedicada a quienes desean personalizar los muebles de su dormitorio, recibidor y sala de estar centrándose en un <strong>complemento refinado y elegante,</strong> sin dejar de ser mínima.</p>
<p>Disponible en el <strong>acabado cromado pulido y lacado en blanco</strong>Tiene una anchura de 105 mm y una altura de 34 mm, lo que la hace perfecta para diferentes combinaciones de muebles, garantizando siempre un agarre sólido y seguro.</p>
<p>La <strong>manejar Nicho </strong>es el resultado de una investigación continua combinada con la atención típica de las producciones Made in Italy y está fabricado con materiales de primera calidad para garantizar la máxima seguridad en todo momento.</p>

<p>Essenziale e dal design d’autore: è la maniglia Nicchia di Polideas. Con la sua linea particolare che ricorda quasi un guscio lucido, Nicchia è dedicata a chi desidera personalizzare i mobili della camera da letto, dell’ingresso e della zona living puntando su un complemento ricercato ed elegante, pur rimanendo molto minimal. Disponibile nella finitura ad [&#8230;]
