{"id":10595,"date":"2022-02-28T21:59:10","date_gmt":"2022-02-28T20:59:10","guid":{"rendered":"https:\/\/www.polideas.it\/?post_type=product&#038;p=10595"},"modified":"2025-01-29T11:46:31","modified_gmt":"2025-01-29T10:46:31","slug":"pomo-cuadrado-para-armario-de-cocina-caja-de-cromo-pulido-y-placa-lacada-en-negro","status":"publish","type":"product","link":"https:\/\/www.polideas.it\/es\/en-2\/pomos-de-cocina-tiradores\/pomo-cuadrado-para-armario-de-cocina-caja-de-cromo-pulido-y-placa-lacada-en-negro\/","title":{"rendered":"Quadra - Pomo para muebles de cocina - Caja de cromo pulido y placa lacada en negro"},"content":{"rendered":"<p>Decisiva, elegante y con gran personalidad, <strong>el pomo de cocina Quadra de Polideas<\/strong> revisa el concepto de pomo buscando una mezcla \u00fanica de estilo y practicidad.<\/p>\n<p>El complemento perfecto para las cocinas modernas, el <strong>Pomo Quadra<\/strong> confiere un dise\u00f1o \u00fanico a puertas y cajones, pero eso no es todo: gracias a su solidez y estilo inconfundible, tambi\u00e9n se presta perfectamente a ser utilizado en paredes para colgar muebles u otros accesorios.<\/p>\n<p><strong>Disponible en versiones <\/strong>con carcasa de cromo pulido y placa lacada en negro, y con carcasa de efecto cristal satinado y placa lacada en blanco, es una soluci\u00f3n refinada que encaja a la perfecci\u00f3n en las cocinas m\u00e1s cl\u00e1sicas y elegantes.<\/p>\n<p>Perfectamente cuadrada, con una anchura y una longitud de 65 mm, <strong>el mando Quadra <\/strong>cambia instant\u00e1neamente el aspecto de los muebles de cocina, unificando las superficies y dot\u00e1ndolos de una refinada elegancia.<\/p>","protected":false},"excerpt":{"rendered":"<p>Deciso, elegante e dalla grande personalit\u00e0, il pomello cucina Quadra di Polideas rivisita il concetto di pomello puntando ad un esclusivo mix di stile e praticit\u00e0. Complemento perfetto delle cucine moderne, il pomello Quadra regala un design unico ad ante e cassetti, ma non solo: grazie alla sua solidit\u00e0 e al suo stile inconfondibile, si [&#8230;]\n","protected":false},"featured_media":5035,"comment_status":"closed","ping_status":"closed","template":"","meta":{"_acf_changed":false},"product_brand":[],"product_cat":[37],"product_tag":[3144,3145,3146,3105,3314,3107,3147,3112,3113,3114,3115,3116,3117,3118],"class_list":{"0":"post-10595","1":"product","2":"type-product","3":"status-publish","4":"has-post-thumbnail","6":"product_cat-maniglie-pomelli-cucina","7":"product_tag-pomello-anta-cucina","8":"product_tag-pomello-cassetto-cucina","9":"product_tag-pomello-cucina","10":"product_tag-pomello-design","11":"product_tag-pomello-interasse-32mm","12":"product_tag-pomello-mobile","13":"product_tag-pomello-per-mobile-cucina","14":"product_tag-pomolo","15":"product_tag-pomolo-al-miglior-prezzo","16":"product_tag-pomolo-anta-mobile","17":"product_tag-pomolo-cassettiera","18":"product_tag-pomolo-cassetto","19":"product_tag-pomolo-mobile","20":"product_tag-pomolo-mobile-arredamento","22":"first","23":"instock","24":"taxable","25":"shipping-taxable","26":"purchasable","27":"product-type-simple"},"acf":[],"_links":{"self":[{"href":"https:\/\/www.polideas.it\/es\/wp-json\/wp\/v2\/product\/10595","targetHints":{"allow":["GET"]}}],"collection":[{"href":"https:\/\/www.polideas.it\/es\/wp-json\/wp\/v2\/product"}],"about":[{"href":"https:\/\/www.polideas.it\/es\/wp-json\/wp\/v2\/types\/product"}],"replies":[{"embeddable":true,"href":"https:\/\/www.polideas.it\/es\/wp-json\/wp\/v2\/comments?post=10595"}],"wp:featuredmedia":[{"embeddable":true,"href":"https:\/\/www.polideas.it\/es\/wp-json\/wp\/v2\/media\/5035"}],"wp:attachment":[{"href":"https:\/\/www.polideas.it\/es\/wp-json\/wp\/v2\/media?parent=10595"}],"wp:term":[{"taxonomy":"product_brand","embeddable":true,"href":"https:\/\/www.polideas.it\/es\/wp-json\/wp\/v2\/product_brand?post=10595"},{"taxonomy":"product_cat","embeddable":true,"href":"https:\/\/www.polideas.it\/es\/wp-json\/wp\/v2\/product_cat?post=10595"},{"taxonomy":"product_tag","embeddable":true,"href":"https:\/\/www.polideas.it\/es\/wp-json\/wp\/v2\/product_tag?post=10595"}],"curies":[{"name":"wp","href":"https:\/\/api.w.org\/{rel}","templated":true}]}}

<p>Decisiva, elegante y con gran personalidad, <strong>el pomo de cocina Quadra de Polideas</strong> revisa el concepto de pomo buscando una mezcla única de estilo y practicidad.</p>
<p>El complemento perfecto para las cocinas modernas, el <strong>Pomo Quadra</strong> confiere un diseño único a puertas y cajones, pero eso no es todo: gracias a su solidez y estilo inconfundible, también se presta perfectamente a ser utilizado en paredes para colgar muebles u otros accesorios.</p>
<p><strong>Disponible en versiones </strong>con carcasa de cromo pulido y placa lacada en negro, y con carcasa de efecto cristal satinado y placa lacada en blanco, es una solución refinada que encaja a la perfección en las cocinas más clásicas y elegantes.</p>
<p>Perfectamente cuadrada, con una anchura y una longitud de 65 mm, <strong>el mando Quadra </strong>cambia instantáneamente el aspecto de los muebles de cocina, unificando las superficies y dotándolos de una refinada elegancia.</p>

<p>Deciso, elegante e dalla grande personalità, il pomello cucina Quadra di Polideas rivisita il concetto di pomello puntando ad un esclusivo mix di stile e praticità. Complemento perfetto delle cucine moderne, il pomello Quadra regala un design unico ad ante e cassetti, ma non solo: grazie alla sua solidità e al suo stile inconfondibile, si [&#8230;]
