{"id":10608,"date":"2022-02-28T21:59:33","date_gmt":"2022-02-28T20:59:33","guid":{"rendered":"https:\/\/www.polideas.it\/?post_type=product&#038;p=10608"},"modified":"2025-01-31T09:29:13","modified_gmt":"2025-01-31T08:29:13","slug":"pomo-movil-infantil-smile","status":"publish","type":"product","link":"https:\/\/www.polideas.it\/es\/en-2\/pomos-tiradores-infantiles-2\/pomo-movil-infantil-smile\/","title":{"rendered":"Smile - Pomo m\u00f3vil para ni\u00f1os"},"content":{"rendered":"<p>Para empezar el d\u00eda de buen humor, \u00bfqu\u00e9 mejor que una bonita sonrisa? Con esto en mente, Polideas ha dise\u00f1ado el bonito <strong>Pomo de la sonrisa.<\/strong><\/p>\n<p>Inspirado en los tiernos emoticonos que se han puesto cada vez m\u00e1s de moda, el <strong>Pomo infantil Smile de Polideas<\/strong> transforma la habitaci\u00f3n de los ni\u00f1os en un lugar alegre y jovial al tiempo que renueva el mobiliario habitual.<\/p>\n<p>Disponible en el <strong>color blanco lacado cl\u00e1sico<\/strong>Es el complemento perfecto para alegrar muebles de madera oscura o de color, pero tambi\u00e9n para crear un bonito efecto tono sobre tono con muebles blancos.<\/p>\n<p>Fabricado en total conformidad con la normativa europea REACH, el <strong>Pomo de la sonrisa Bimbi<\/strong> est\u00e1 libre de bordes afilados y garantiza la m\u00e1xima seguridad en todas las situaciones.<\/p>","protected":false},"excerpt":{"rendered":"<p>Per iniziare la giornata in allegria, cosa c\u2019\u00e8 di meglio di un bel sorriso? E\u2019 pensando a questo che Polideas ha ideato, per la camera dei pi\u00f9 piccoli, il simpatico pomolo Smile. Ispirato alle tenere emoticon che ormai vanno sempre pi\u00f9 di moda, il pomolo bimbi Smile di Polideas trasforma la camera dei bambini in [&#8230;]\n","protected":false},"featured_media":11494,"comment_status":"closed","ping_status":"closed","template":"","meta":{"_acf_changed":false},"product_brand":[],"product_cat":[24],"product_tag":[3119,3112,3113,3114,3121,3122,3123,3115,3116,3124,3117,3118,3125,3126,3127,3128],"class_list":{"0":"post-10608","1":"product","2":"type-product","3":"status-publish","4":"has-post-thumbnail","6":"product_cat-maniglie-pomelli-bambini","7":"product_tag-pomelli-cameretta-bimba","8":"product_tag-pomolo","9":"product_tag-pomolo-al-miglior-prezzo","10":"product_tag-pomolo-anta-mobile","11":"product_tag-pomolo-armadio","12":"product_tag-pomolo-bambini","13":"product_tag-pomolo-cameretta-bambini","14":"product_tag-pomolo-cassettiera","15":"product_tag-pomolo-cassetto","16":"product_tag-pomolo-cassetto-bambini","17":"product_tag-pomolo-mobile","18":"product_tag-pomolo-mobile-arredamento","19":"product_tag-pomolo-mobile-ragazza","20":"product_tag-pomolo-mobile-ragazzi","21":"product_tag-pomolo-mobili-bambina","22":"product_tag-pomolo-mobili-bambino","24":"first","25":"instock","26":"taxable","27":"shipping-taxable","28":"purchasable","29":"product-type-simple"},"acf":[],"_links":{"self":[{"href":"https:\/\/www.polideas.it\/es\/wp-json\/wp\/v2\/product\/10608","targetHints":{"allow":["GET"]}}],"collection":[{"href":"https:\/\/www.polideas.it\/es\/wp-json\/wp\/v2\/product"}],"about":[{"href":"https:\/\/www.polideas.it\/es\/wp-json\/wp\/v2\/types\/product"}],"replies":[{"embeddable":true,"href":"https:\/\/www.polideas.it\/es\/wp-json\/wp\/v2\/comments?post=10608"}],"wp:featuredmedia":[{"embeddable":true,"href":"https:\/\/www.polideas.it\/es\/wp-json\/wp\/v2\/media\/11494"}],"wp:attachment":[{"href":"https:\/\/www.polideas.it\/es\/wp-json\/wp\/v2\/media?parent=10608"}],"wp:term":[{"taxonomy":"product_brand","embeddable":true,"href":"https:\/\/www.polideas.it\/es\/wp-json\/wp\/v2\/product_brand?post=10608"},{"taxonomy":"product_cat","embeddable":true,"href":"https:\/\/www.polideas.it\/es\/wp-json\/wp\/v2\/product_cat?post=10608"},{"taxonomy":"product_tag","embeddable":true,"href":"https:\/\/www.polideas.it\/es\/wp-json\/wp\/v2\/product_tag?post=10608"}],"curies":[{"name":"wp","href":"https:\/\/api.w.org\/{rel}","templated":true}]}}

Smile - Pomo móvil para niños

<p>Para empezar el día de buen humor, ¿qué mejor que una bonita sonrisa? Con esto en mente, Polideas ha diseñado el bonito <strong>Pomo de la sonrisa.</strong></p>
<p>Inspirado en los tiernos emoticonos que se han puesto cada vez más de moda, el <strong>Pomo infantil Smile de Polideas</strong> transforma la habitación de los niños en un lugar alegre y jovial al tiempo que renueva el mobiliario habitual.</p>
<p>Disponible en el <strong>color blanco lacado clásico</strong>Es el complemento perfecto para alegrar muebles de madera oscura o de color, pero también para crear un bonito efecto tono sobre tono con muebles blancos.</p>
<p>Fabricado en total conformidad con la normativa europea REACH, el <strong>Pomo de la sonrisa Bimbi</strong> está libre de bordes afilados y garantiza la máxima seguridad en todas las situaciones.</p>

<p>Per iniziare la giornata in allegria, cosa c’è di meglio di un bel sorriso? E’ pensando a questo che Polideas ha ideato, per la camera dei più piccoli, il simpatico pomolo Smile. Ispirato alle tenere emoticon che ormai vanno sempre più di moda, il pomolo bimbi Smile di Polideas trasforma la camera dei bambini in [&#8230;]
