{"id":10681,"date":"2022-02-28T22:00:46","date_gmt":"2022-02-28T21:00:46","guid":{"rendered":"https:\/\/www.polideas.it\/?post_type=product&#038;p=10681"},"modified":"2025-02-04T11:47:52","modified_gmt":"2025-02-04T10:47:52","slug":"selen-mango-pequeno-diseno-movil","status":"publish","type":"product","link":"https:\/\/www.polideas.it\/es\/it\/maniglie-pomelli-metallo\/maniglia-selen-small-maniglia-mobile-design\/","title":{"rendered":"Asa SELEN Peque\u00f1a - Asa de dise\u00f1o m\u00f3vil"},"content":{"rendered":"<p>El mango <strong>Selen Peque\u00f1a de Polideas<\/strong> se caracteriza por su estilo precioso y sofisticado.<\/p>\n<p>S\u00f3lo <strong>como una joya<\/strong>este tirador realza cualquier puerta, armario o caj\u00f3n al que se aplique, renovando el aspecto de toda la estancia en un instante.<\/p>\n<p><strong>Elegante y brillante<\/strong>Selen Small est\u00e1 disponible en versi\u00f3n cromada pulida, excelente para a\u00f1adir un toque de clase a muebles modernos con superficies lacadas, pero tambi\u00e9n para complementar muebles blancos o de madera clara con sabor escandinavo.<\/p>\n<p>146 mm de ancho y 10,50 de alto, tambi\u00e9n es ideal para <strong>mesillas de noche y cajones peque\u00f1os.<\/strong><\/p>","protected":false},"excerpt":{"rendered":"<p>La maniglia Selen Small di Polideas si contraddistingue per il suo stile prezioso e ricercato. Proprio come un gioiello, questa maniglia impreziosisce qualunque anta, mobile o cassetto a cui viene applicata, rinnovando in un attimo l\u2019aspetto dell\u2019intera stanza. Elegante e luminosa, Selen Small \u00e8 disponibile nella versione cromata lucida, ottima per regalare un tocco di [&#8230;]\n","protected":false},"featured_media":7384,"comment_status":"closed","ping_status":"closed","template":"","meta":{"_acf_changed":false},"product_brand":[],"product_cat":[377],"product_tag":[3149,3200,3151,3209,3152,3153,3391,3176,3392,3100,3159,3160,3310,3393],"class_list":["post-10681","product","type-product","status-publish","has-post-thumbnail","product_cat-maniglie-pomelli-metallo","product_tag-maniglia","product_tag-maniglia-anta","product_tag-maniglia-anta-mobile","product_tag-maniglia-arredo","product_tag-maniglia-cassettiera","product_tag-maniglia-cassetto","product_tag-maniglia-diamanti","product_tag-maniglia-interasse-128mm","product_tag-maniglia-metal","product_tag-maniglia-mobile","product_tag-maniglia-mobile-al-miglior-prezzo","product_tag-maniglia-mobile-arredamento","product_tag-maniglia-polideas","product_tag-maniglia-preziosa","first","instock","taxable","shipping-taxable","purchasable","product-type-simple"],"acf":[],"_links":{"self":[{"href":"https:\/\/www.polideas.it\/es\/wp-json\/wp\/v2\/product\/10681","targetHints":{"allow":["GET"]}}],"collection":[{"href":"https:\/\/www.polideas.it\/es\/wp-json\/wp\/v2\/product"}],"about":[{"href":"https:\/\/www.polideas.it\/es\/wp-json\/wp\/v2\/types\/product"}],"replies":[{"embeddable":true,"href":"https:\/\/www.polideas.it\/es\/wp-json\/wp\/v2\/comments?post=10681"}],"wp:featuredmedia":[{"embeddable":true,"href":"https:\/\/www.polideas.it\/es\/wp-json\/wp\/v2\/media\/7384"}],"wp:attachment":[{"href":"https:\/\/www.polideas.it\/es\/wp-json\/wp\/v2\/media?parent=10681"}],"wp:term":[{"taxonomy":"product_brand","embeddable":true,"href":"https:\/\/www.polideas.it\/es\/wp-json\/wp\/v2\/product_brand?post=10681"},{"taxonomy":"product_cat","embeddable":true,"href":"https:\/\/www.polideas.it\/es\/wp-json\/wp\/v2\/product_cat?post=10681"},{"taxonomy":"product_tag","embeddable":true,"href":"https:\/\/www.polideas.it\/es\/wp-json\/wp\/v2\/product_tag?post=10681"}],"curies":[{"name":"wp","href":"https:\/\/api.w.org\/{rel}","templated":true}]}}

Asa SELEN Pequeña - Asa de diseño móvil

<p>El mango <strong>Selen Pequeña de Polideas</strong> se caracteriza por su estilo precioso y sofisticado.</p>
<p>Sólo <strong>como una joya</strong>este tirador realza cualquier puerta, armario o cajón al que se aplique, renovando el aspecto de toda la estancia en un instante.</p>
<p><strong>Elegante y brillante</strong>Selen Small está disponible en versión cromada pulida, excelente para añadir un toque de clase a muebles modernos con superficies lacadas, pero también para complementar muebles blancos o de madera clara con sabor escandinavo.</p>
<p>146 mm de ancho y 10,50 de alto, también es ideal para <strong>mesillas de noche y cajones pequeños.</strong></p>

<p>La maniglia Selen Small di Polideas si contraddistingue per il suo stile prezioso e ricercato. Proprio come un gioiello, questa maniglia impreziosisce qualunque anta, mobile o cassetto a cui viene applicata, rinnovando in un attimo l’aspetto dell’intera stanza. Elegante e luminosa, Selen Small è disponibile nella versione cromata lucida, ottima per regalare un tocco di [&#8230;]
