{"id":10568,"date":"2022-02-28T21:58:45","date_gmt":"2022-02-28T20:58:45","guid":{"rendered":"https:\/\/www.polideas.it\/?post_type=product&#038;p=10568"},"modified":"2026-05-02T14:45:00","modified_gmt":"2026-05-02T12:45:00","slug":"poignee-smiley-333-finition-fuchsia-poignee-de-meuble-de-salon","status":"publish","type":"product","link":"https:\/\/www.polideas.it\/fr\/fr-2\/poignees-de-salon\/poignee-smiley-333-finition-fuchsia-poignee-de-meuble-de-salon\/","title":{"rendered":"Poign\u00e9e Smiley 333 - Finition Fuchsia - Poign\u00e9e de meuble de salon"},"content":{"rendered":"<p>La poign\u00e9e Smiley 333 de Polideas, en finition Fuchsia, a une forme simple et intuitive, id\u00e9ale pour ajouter une touche d'originalit\u00e9 aux meubles de votre maison.<\/p>\n<p>Parfaite pour vos portes ou vos tiroirs, la poign\u00e9e Smiley 333 devient imm\u00e9diatement la star de la pi\u00e8ce, apportant un souffle d'\u00e9l\u00e9gance et de positivit\u00e9.<\/p>\n<p>Disponible en quatre teintes diff\u00e9rentes : orange, blanc, bleu et fuchsia.<\/p>","protected":false},"excerpt":{"rendered":"<p>La maniglia Smiley 333 di Polideas in finitura Fucsia dalla forma semplice e intuitiva, ideale per regalare un tocco di originalit\u00e0 ai mobili della tua casa. Perfetta per le vostre ante o cassetti, la maniglia Smiley 333 diventa subito protagonista della stanza regalando una ventata di eleganza e positivit\u00e0. Disponibile in quattro differenti nuance, Arancio, [&#8230;]\n","protected":false},"featured_media":11869,"comment_status":"closed","ping_status":"closed","template":"","meta":{"_acf_changed":false},"product_brand":[],"product_cat":[24,47],"product_tag":[3149,3200,3151,3173,3174,3307,3152,3153,3175,3308,3156,3293,3176,3100,3309,3159,3160,3189,3313,3177,3178,3310,3311,3179,3162,3312],"class_list":{"0":"post-10568","1":"product","2":"type-product","3":"status-publish","4":"has-post-thumbnail","6":"product_cat-maniglie-pomelli-bambini","7":"product_cat-maniglie-pomelli-camera-soggiorno","8":"product_tag-maniglia","9":"product_tag-maniglia-anta","10":"product_tag-maniglia-anta-mobile","11":"product_tag-maniglia-anta-mobile-soggiorno","12":"product_tag-maniglia-anta-soggiorno","13":"product_tag-maniglia-arredo-moderno","14":"product_tag-maniglia-cassettiera","15":"product_tag-maniglia-cassetto","16":"product_tag-maniglia-cassetto-soggiorno","17":"product_tag-maniglia-cromata-mobile","18":"product_tag-maniglia-design","19":"product_tag-maniglia-design-mobile","20":"product_tag-maniglia-interasse-128mm","21":"product_tag-maniglia-mobile","22":"product_tag-maniglia-mobile-333","23":"product_tag-maniglia-mobile-al-miglior-prezzo","24":"product_tag-maniglia-mobile-arredamento","25":"product_tag-maniglia-mobile-cucina","26":"product_tag-maniglia-mobile-fucsia","27":"product_tag-maniglia-mobile-soggiorno","28":"product_tag-maniglia-per-mobile-soggiorno","29":"product_tag-maniglia-polideas","30":"product_tag-maniglia-smiley","31":"product_tag-maniglia-soggiorno","32":"product_tag-maniglie-colorate","33":"product_tag-maniglie-per-mobili","35":"first","36":"instock","37":"taxable","38":"shipping-taxable","39":"purchasable","40":"product-type-simple"},"acf":[],"_links":{"self":[{"href":"https:\/\/www.polideas.it\/fr\/wp-json\/wp\/v2\/product\/10568","targetHints":{"allow":["GET"]}}],"collection":[{"href":"https:\/\/www.polideas.it\/fr\/wp-json\/wp\/v2\/product"}],"about":[{"href":"https:\/\/www.polideas.it\/fr\/wp-json\/wp\/v2\/types\/product"}],"replies":[{"embeddable":true,"href":"https:\/\/www.polideas.it\/fr\/wp-json\/wp\/v2\/comments?post=10568"}],"wp:featuredmedia":[{"embeddable":true,"href":"https:\/\/www.polideas.it\/fr\/wp-json\/wp\/v2\/media\/11869"}],"wp:attachment":[{"href":"https:\/\/www.polideas.it\/fr\/wp-json\/wp\/v2\/media?parent=10568"}],"wp:term":[{"taxonomy":"product_brand","embeddable":true,"href":"https:\/\/www.polideas.it\/fr\/wp-json\/wp\/v2\/product_brand?post=10568"},{"taxonomy":"product_cat","embeddable":true,"href":"https:\/\/www.polideas.it\/fr\/wp-json\/wp\/v2\/product_cat?post=10568"},{"taxonomy":"product_tag","embeddable":true,"href":"https:\/\/www.polideas.it\/fr\/wp-json\/wp\/v2\/product_tag?post=10568"}],"curies":[{"name":"wp","href":"https:\/\/api.w.org\/{rel}","templated":true}]}}

Poignée Smiley 333 - Finition Fuchsia - Poignée de meuble de salon

<p>La poignée Smiley 333 de Polideas, en finition Fuchsia, a une forme simple et intuitive, idéale pour ajouter une touche d'originalité aux meubles de votre maison.</p>
<p>Parfaite pour vos portes ou vos tiroirs, la poignée Smiley 333 devient immédiatement la star de la pièce, apportant un souffle d'élégance et de positivité.</p>
<p>Disponible en quatre teintes différentes : orange, blanc, bleu et fuchsia.</p>

<p>La maniglia Smiley 333 di Polideas in finitura Fucsia dalla forma semplice e intuitiva, ideale per regalare un tocco di originalità ai mobili della tua casa. Perfetta per le vostre ante o cassetti, la maniglia Smiley 333 diventa subito protagonista della stanza regalando una ventata di eleganza e positività. Disponibile in quattro differenti nuance, Arancio, [&#8230;]
